{"id":5897,"date":"2025-11-14T05:13:59","date_gmt":"2025-11-14T05:13:59","guid":{"rendered":"https:\/\/paginaswebneurona.com\/tienda\/?post_type=product&#038;p=5897"},"modified":"2026-02-01T18:49:03","modified_gmt":"2026-02-01T18:49:03","slug":"bomba-de-agua-autocebante-1-2-hp-120v","status":"publish","type":"product","link":"https:\/\/paginaswebneurona.com\/tienda\/product\/bomba-de-agua-autocebante-1-2-hp-120v\/","title":{"rendered":"BOMBA DE AGUA AUTOCEBANTE 1\/2 HP 120V"},"content":{"rendered":"<p><span data-sheets-root=\"1\">Trabaja con el m\u00e1ximo rendimiento con la Bomba de Agua KO-0130 Kong con di\u00e1metro de succi\u00f3n y descarga de 1&#8243;, cuanta con potencia del 1 HP que permite llegar hasta 65 metros de altura y un flujo m\u00e1ximo de 50litros por minuto. \u00datil para bombeo de agua en aplicaciones domesticas.<\/span><\/p>\n","protected":false},"excerpt":{"rendered":"<p>Trabaja con el m\u00e1ximo rendimiento con la Bomba de Agua KO-0130 Kong con di\u00e1metro de succi\u00f3n y descarga de 1&#8243;, cuanta con potencia del 1 HP que permite llegar hasta 65 metros de altura y un flujo m\u00e1ximo de 50litros por minuto. \u00datil para bombeo de agua en aplicaciones domesticas.<\/p>\n","protected":false},"featured_media":6144,"comment_status":"open","ping_status":"closed","template":"","meta":{"_joinchat":[]},"product_brand":[483],"product_cat":[482],"product_tag":[],"class_list":{"0":"post-5897","1":"product","2":"type-product","3":"status-publish","4":"has-post-thumbnail","6":"product_brand-kong","7":"product_cat-herramienta","9":"first","10":"instock","11":"shipping-taxable","12":"purchasable","13":"product-type-simple"},"_links":{"self":[{"href":"https:\/\/paginaswebneurona.com\/tienda\/wp-json\/wp\/v2\/product\/5897","targetHints":{"allow":["GET"]}}],"collection":[{"href":"https:\/\/paginaswebneurona.com\/tienda\/wp-json\/wp\/v2\/product"}],"about":[{"href":"https:\/\/paginaswebneurona.com\/tienda\/wp-json\/wp\/v2\/types\/product"}],"replies":[{"embeddable":true,"href":"https:\/\/paginaswebneurona.com\/tienda\/wp-json\/wp\/v2\/comments?post=5897"}],"version-history":[{"count":4,"href":"https:\/\/paginaswebneurona.com\/tienda\/wp-json\/wp\/v2\/product\/5897\/revisions"}],"predecessor-version":[{"id":6526,"href":"https:\/\/paginaswebneurona.com\/tienda\/wp-json\/wp\/v2\/product\/5897\/revisions\/6526"}],"wp:featuredmedia":[{"embeddable":true,"href":"https:\/\/paginaswebneurona.com\/tienda\/wp-json\/wp\/v2\/media\/6144"}],"wp:attachment":[{"href":"https:\/\/paginaswebneurona.com\/tienda\/wp-json\/wp\/v2\/media?parent=5897"}],"wp:term":[{"taxonomy":"product_brand","embeddable":true,"href":"https:\/\/paginaswebneurona.com\/tienda\/wp-json\/wp\/v2\/product_brand?post=5897"},{"taxonomy":"product_cat","embeddable":true,"href":"https:\/\/paginaswebneurona.com\/tienda\/wp-json\/wp\/v2\/product_cat?post=5897"},{"taxonomy":"product_tag","embeddable":true,"href":"https:\/\/paginaswebneurona.com\/tienda\/wp-json\/wp\/v2\/product_tag?post=5897"}],"curies":[{"name":"wp","href":"https:\/\/api.w.org\/{rel}","templated":true}]}}