{"id":5905,"date":"2025-11-14T05:17:48","date_gmt":"2025-11-14T05:17:48","guid":{"rendered":"https:\/\/paginaswebneurona.com\/tienda\/?post_type=product&#038;p=5905"},"modified":"2026-02-01T18:52:42","modified_gmt":"2026-02-01T18:52:42","slug":"esmeriladora-angular-4-1-2-120v-800w","status":"publish","type":"product","link":"https:\/\/paginaswebneurona.com\/tienda\/product\/esmeriladora-angular-4-1-2-120v-800w\/","title":{"rendered":"ESMERILADORA ANGULAR 4 1\/2 120V 800W"},"content":{"rendered":"<p><span data-sheets-root=\"1\">Motor de 850 W, montado sobre balero de bolas para mayor vida \u00fatil y mejor desempe\u00f1o, Mango auxiliar ajustable a 3 posiciones para mayor control, Cuerpo delgado y ligero, ideal para trabajos de instalaci\u00f3n de pisos, C\u00f3modo bot\u00f3n de accionamiento con funci\u00f3n de uso continuo, Para esmerilar y cortar acero, ladrillos, azulejos y piedra.<\/span><\/p>\n","protected":false},"excerpt":{"rendered":"<p>Motor de 850 W, montado sobre balero de bolas para mayor vida \u00fatil y mejor desempe\u00f1o, Mango auxiliar ajustable a 3 posiciones para mayor control, Cuerpo delgado y ligero, ideal para trabajos de instalaci\u00f3n de pisos, C\u00f3modo bot\u00f3n de accionamiento con funci\u00f3n de uso continuo, Para esmerilar y cortar acero, ladrillos, azulejos y piedra.<\/p>\n","protected":false},"featured_media":6132,"comment_status":"open","ping_status":"closed","template":"","meta":{"_joinchat":[]},"product_brand":[483],"product_cat":[482],"product_tag":[],"class_list":{"0":"post-5905","1":"product","2":"type-product","3":"status-publish","4":"has-post-thumbnail","6":"product_brand-kong","7":"product_cat-herramienta","9":"first","10":"instock","11":"shipping-taxable","12":"purchasable","13":"product-type-simple"},"_links":{"self":[{"href":"https:\/\/paginaswebneurona.com\/tienda\/wp-json\/wp\/v2\/product\/5905","targetHints":{"allow":["GET"]}}],"collection":[{"href":"https:\/\/paginaswebneurona.com\/tienda\/wp-json\/wp\/v2\/product"}],"about":[{"href":"https:\/\/paginaswebneurona.com\/tienda\/wp-json\/wp\/v2\/types\/product"}],"replies":[{"embeddable":true,"href":"https:\/\/paginaswebneurona.com\/tienda\/wp-json\/wp\/v2\/comments?post=5905"}],"version-history":[{"count":4,"href":"https:\/\/paginaswebneurona.com\/tienda\/wp-json\/wp\/v2\/product\/5905\/revisions"}],"predecessor-version":[{"id":6528,"href":"https:\/\/paginaswebneurona.com\/tienda\/wp-json\/wp\/v2\/product\/5905\/revisions\/6528"}],"wp:featuredmedia":[{"embeddable":true,"href":"https:\/\/paginaswebneurona.com\/tienda\/wp-json\/wp\/v2\/media\/6132"}],"wp:attachment":[{"href":"https:\/\/paginaswebneurona.com\/tienda\/wp-json\/wp\/v2\/media?parent=5905"}],"wp:term":[{"taxonomy":"product_brand","embeddable":true,"href":"https:\/\/paginaswebneurona.com\/tienda\/wp-json\/wp\/v2\/product_brand?post=5905"},{"taxonomy":"product_cat","embeddable":true,"href":"https:\/\/paginaswebneurona.com\/tienda\/wp-json\/wp\/v2\/product_cat?post=5905"},{"taxonomy":"product_tag","embeddable":true,"href":"https:\/\/paginaswebneurona.com\/tienda\/wp-json\/wp\/v2\/product_tag?post=5905"}],"curies":[{"name":"wp","href":"https:\/\/api.w.org\/{rel}","templated":true}]}}